{"id":1748,"date":"2025-04-23T14:38:30","date_gmt":"2025-04-23T14:38:30","guid":{"rendered":"https:\/\/sallenelles.net\/?page_id=1748"},"modified":"2025-05-20T15:31:53","modified_gmt":"2025-05-20T15:31:53","slug":"observations-du-public","status":"publish","type":"page","link":"https:\/\/sallenelles.net\/index.php\/observations-du-public\/","title":{"rendered":"Observations du Public"},"content":{"rendered":"<p>[et_pb_section fb_built=\u00a0\u00bb1&Prime; _builder_version=\u00a0\u00bb4.27.4&Prime; _module_preset=\u00a0\u00bbdefault\u00a0\u00bb global_colors_info=\u00a0\u00bb{}\u00a0\u00bb][et_pb_row _builder_version=\u00a0\u00bb4.27.4&Prime; _module_preset=\u00a0\u00bbdefault\u00a0\u00bb global_colors_info=\u00a0\u00bb{}\u00a0\u00bb][et_pb_column type=\u00a0\u00bb4_4&Prime; _builder_version=\u00a0\u00bb4.27.4&Prime; _module_preset=\u00a0\u00bbdefault\u00a0\u00bb global_colors_info=\u00a0\u00bb{}\u00a0\u00bb][et_pb_text _builder_version=\u00a0\u00bb4.27.4&Prime; _module_preset=\u00a0\u00bbdefault\u00a0\u00bb global_colors_info=\u00a0\u00bb{}\u00a0\u00bb]<\/p>\n<h2>Merci pour obervations :<\/h2>\n<p>[\/et_pb_text][et_pb_image src=\u00a0\u00bbhttps:\/\/sallenelles.net\/wp-content\/uploads\/2025\/04\/Observation-1.jpg\u00a0\u00bb title_text=\u00a0\u00bbObservation 1&Prime; url=\u00a0\u00bbhttps:\/\/sallenelles.net\/wp-content\/uploads\/2025\/04\/Observation-du-public.pdf\u00a0\u00bb url_new_window=\u00a0\u00bbon\u00a0\u00bb _builder_version=\u00a0\u00bb4.27.4&Prime; _module_preset=\u00a0\u00bbdefault\u00a0\u00bb global_colors_info=\u00a0\u00bb{}\u00a0\u00bb][\/et_pb_image][et_pb_text _builder_version=\u00a0\u00bb4.27.4&Prime; _module_preset=\u00a0\u00bbdefault\u00a0\u00bb global_colors_info=\u00a0\u00bb{}\u00a0\u00bb]<\/p>\n<div dir=\"ltr\" class=\"gmail_attr\">De\u00a0: <strong class=\"gmail_sendername\" dir=\"auto\">Jean-Louis GREFFIN<\/strong> <span dir=\"auto\">&lt;<a href=\"mailto:greffinjeanlouis@orange.fr\">greffinjeanlouis@orange.fr<\/a>&gt;<\/span><br \/>Date: sam. 19 avr. 2025 \u00e0\u00a014:14<br \/>Subject: complement au message du 15 avril<br \/>To: &lt;<a href=\"mailto:enquetepublique.plusallenelles@gmail.com\">enquetepublique.plusallenelles@gmail.com<\/a>&gt;<\/div>\n<p><u><\/u><\/p>\n<div>\n<p>compl\u00e9ment au message du 15 avril<\/p>\n<p>si vraiment nos \u00e9lus souhaitent des constructions chemin du moulin d&rsquo;eau pourquoi ne pas utiliser le terrain face au club hippique de Merville Franceville ce serait en continuit\u00e9 des habitations existantes de Sallenelles et la pas probl\u00e8me de r\u00e9seau d&rsquo;eaux us\u00e9es il existe au droit\u00a0de cette parcelle<\/p>\n<p>bien entendu dans ce cas il faudrait r\u00e9fl\u00e9chir aux am\u00e9nagements de voirie<\/p>\n<p>autre proposition terrain situ\u00e9 au haut de la c\u00f4te vers Amfreville face au lotissement\u00a0<\/p>\n<p>et la aussi pas de probl\u00e8me de r\u00e9seaux<\/p>\n<\/div>\n<p>[\/et_pb_text][et_pb_text _builder_version=\u00a0\u00bb4.27.4&Prime; _module_preset=\u00a0\u00bbdefault\u00a0\u00bb global_colors_info=\u00a0\u00bb{}\u00a0\u00bb]<\/p>\n<p>De\u00a0: <strong>Maxime HELIOT<\/strong> <span>&lt;<a href=\"mailto:maxime.heliot@gmail.com\">maxime.heliot@gmail.com<\/a>&gt;<\/span><br \/>Date: jeu. 17 avr. 2025 \u00e0\u00a022:28<br \/>Subject: PLU &#8211; Observations<br \/>To: &lt;<a href=\"mailto:enquetepublique.plusallenelles@gmail.com\">enquetepublique.plusallenelles@gmail.com<\/a>&gt;<\/p>\n<p>&nbsp;<\/p>\n<p>Bonjour,<\/p>\n<p>Pour rester dans la gamme des couleurs d\u2019enduit de fa\u00e7ade propos\u00e9es dans les OAP (\u00a73.1) tout en proposant un peu plus de diversit\u00e9, est-il possible d\u2019ajouter la nuance J33 qui s\u2019ins\u00e8re bien dans les nuances de beige\u00a0de la palette de couleurs ?<\/p>\n<p>Toujours concernant les fa\u00e7ades, nous souhaiterions avoir des clarifications sur le paragraphe (P11 du r\u00e8glement) \u00ab\u00a0Les mat\u00e9riaux pr\u00e9senteront des teintes claires rabattues pour s&rsquo;inscrire harmonieusement dans le paysage environnant (y compris pour les fa\u00e7ades aspect bois)\u00a0\u00bb et ainsi avoir confirmation que les bardages (souvent utilis\u00e9s en r\u00e9novation \u00e9nerg\u00e9tique) qu\u2019ils soient en bois, en composite ou en pierre sont<span>\u00a0 <\/span>bien accept\u00e9s comme rev\u00eatement <span>\u00a0<\/span>de fa\u00e7ade s\u2019ils sont de couleur claire. <\/p>\n<p>Cordialement,<\/p>\n<p>Maxime et Sophie HELIOT<\/p>\n<p>2 rue Royal Marines Commando<\/p>\n<p>[\/et_pb_text][et_pb_image src=\u00a0\u00bbhttps:\/\/sallenelles.net\/wp-content\/uploads\/2025\/04\/Observation-2.jpg\u00a0\u00bb title_text=\u00a0\u00bbObservation 2&Prime; url=\u00a0\u00bbhttps:\/\/sallenelles.net\/wp-content\/uploads\/2025\/04\/Avis-revision-PLU.pdf\u00a0\u00bb url_new_window=\u00a0\u00bbon\u00a0\u00bb _builder_version=\u00a0\u00bb4.27.4&Prime; _module_preset=\u00a0\u00bbdefault\u00a0\u00bb global_colors_info=\u00a0\u00bb{}\u00a0\u00bb][\/et_pb_image][et_pb_image src=\u00a0\u00bbhttps:\/\/sallenelles.net\/wp-content\/uploads\/2025\/04\/Observation-3-chazal.jpg\u00a0\u00bb title_text=\u00a0\u00bbObservation 3 chazal\u00a0\u00bb url=\u00a0\u00bbhttps:\/\/sallenelles.net\/wp-content\/uploads\/2025\/04\/Gmail-Note-a-porter-au-regiistre-denquete-Publique-1.pdf\u00a0\u00bb url_new_window=\u00a0\u00bbon\u00a0\u00bb _builder_version=\u00a0\u00bb4.27.4&Prime; _module_preset=\u00a0\u00bbdefault\u00a0\u00bb global_colors_info=\u00a0\u00bb{}\u00a0\u00bb][\/et_pb_image][et_pb_image src=\u00a0\u00bbhttps:\/\/sallenelles.net\/wp-content\/uploads\/2025\/04\/Observation-sur-la-revision-28-avril-2025.jpg\u00a0\u00bb title_text=\u00a0\u00bbObservation sur la r\u00e9vision 28 avril 2025&Prime; url=\u00a0\u00bbhttps:\/\/sallenelles.net\/wp-content\/uploads\/2025\/04\/Gmail-observations-sur-la-revision-du-plu-local-durbanisme-de-Sallenelles.pdf\u00a0\u00bb url_new_window=\u00a0\u00bbon\u00a0\u00bb _builder_version=\u00a0\u00bb4.27.4&Prime; _module_preset=\u00a0\u00bbdefault\u00a0\u00bb global_colors_info=\u00a0\u00bb{}\u00a0\u00bb][\/et_pb_image][et_pb_image src=\u00a0\u00bbhttps:\/\/sallenelles.net\/wp-content\/uploads\/2025\/04\/enquete-publique.jpg\u00a0\u00bb title_text=\u00a0\u00bbenqu\u00eate publique\u00a0\u00bb url=\u00a0\u00bbhttps:\/\/sallenelles.net\/wp-content\/uploads\/2025\/04\/Gmail-Enquete-publique.pdf\u00a0\u00bb url_new_window=\u00a0\u00bbon\u00a0\u00bb _builder_version=\u00a0\u00bb4.27.4&Prime; _module_preset=\u00a0\u00bbdefault\u00a0\u00bb global_colors_info=\u00a0\u00bb{}\u00a0\u00bb][\/et_pb_image][et_pb_image src=\u00a0\u00bbhttps:\/\/sallenelles.net\/wp-content\/uploads\/2025\/05\/Obervation-plu-1-mai-2025.jpg\u00a0\u00bb title_text=\u00a0\u00bbObervation plu 1 mai 2025&Prime; url=\u00a0\u00bbhttps:\/\/sallenelles.net\/wp-content\/uploads\/2025\/05\/Gmail-observations-PLU-Sallenelles.pdf\u00a0\u00bb url_new_window=\u00a0\u00bbon\u00a0\u00bb _builder_version=\u00a0\u00bb4.27.4&Prime; _module_preset=\u00a0\u00bbdefault\u00a0\u00bb global_colors_info=\u00a0\u00bb{}\u00a0\u00bb][\/et_pb_image][et_pb_image src=\u00a0\u00bbhttps:\/\/sallenelles.net\/wp-content\/uploads\/2025\/05\/Revision.jpg\u00a0\u00bb title_text=\u00a0\u00bbR\u00e9vision\u00a0\u00bb url=\u00a0\u00bbhttps:\/\/sallenelles.net\/wp-content\/uploads\/2025\/05\/Gmail-revision-plu.pdf\u00a0\u00bb url_new_window=\u00a0\u00bbon\u00a0\u00bb _builder_version=\u00a0\u00bb4.27.4&Prime; _module_preset=\u00a0\u00bbdefault\u00a0\u00bb global_colors_info=\u00a0\u00bb{}\u00a0\u00bb][\/et_pb_image][et_pb_image src=\u00a0\u00bbhttps:\/\/sallenelles.net\/wp-content\/uploads\/2025\/05\/Nicolas-Lussignol.jpg\u00a0\u00bb title_text=\u00a0\u00bbNicolas Lussignol\u00a0\u00bb show_in_lightbox=\u00a0\u00bbon\u00a0\u00bb _builder_version=\u00a0\u00bb4.27.4&Prime; _module_preset=\u00a0\u00bbdefault\u00a0\u00bb global_colors_info=\u00a0\u00bb{}\u00a0\u00bb][\/et_pb_image][et_pb_image src=\u00a0\u00bbhttps:\/\/sallenelles.net\/wp-content\/uploads\/2025\/05\/commentaire-PLU-Kotteler.jpg\u00a0\u00bb title_text=\u00a0\u00bbcommentaire PLU Kotteler\u00a0\u00bb url=\u00a0\u00bbhttps:\/\/sallenelles.net\/wp-content\/uploads\/2025\/05\/Gmail-Commentaires-PLU.pdf\u00a0\u00bb url_new_window=\u00a0\u00bbon\u00a0\u00bb _builder_version=\u00a0\u00bb4.27.4&Prime; _module_preset=\u00a0\u00bbdefault\u00a0\u00bb global_colors_info=\u00a0\u00bb{}\u00a0\u00bb][\/et_pb_image][et_pb_image src=\u00a0\u00bbhttps:\/\/sallenelles.net\/wp-content\/uploads\/2025\/05\/Yolande-Masselin.jpg\u00a0\u00bb title_text=\u00a0\u00bbYolande Masselin\u00a0\u00bb url=\u00a0\u00bbhttps:\/\/sallenelles.net\/wp-content\/uploads\/2025\/05\/Gmail-PLU-Sallenelles.pdf\u00a0\u00bb url_new_window=\u00a0\u00bbon\u00a0\u00bb _builder_version=\u00a0\u00bb4.27.4&Prime; _module_preset=\u00a0\u00bbdefault\u00a0\u00bb global_colors_info=\u00a0\u00bb{}\u00a0\u00bb][\/et_pb_image][et_pb_image src=\u00a0\u00bbhttps:\/\/sallenelles.net\/wp-content\/uploads\/2025\/05\/Didier-Bourgeois.jpg\u00a0\u00bb title_text=\u00a0\u00bbDidier Bourgeois\u00a0\u00bb url=\u00a0\u00bbhttps:\/\/sallenelles.net\/wp-content\/uploads\/2025\/05\/Didier-bourgeois.pdf\u00a0\u00bb url_new_window=\u00a0\u00bbon\u00a0\u00bb _builder_version=\u00a0\u00bb4.27.4&Prime; _module_preset=\u00a0\u00bbdefault\u00a0\u00bb global_colors_info=\u00a0\u00bb{}\u00a0\u00bb][\/et_pb_image][et_pb_image src=\u00a0\u00bbhttps:\/\/sallenelles.net\/wp-content\/uploads\/2025\/05\/Marie-laure-Kottler.jpg\u00a0\u00bb title_text=\u00a0\u00bbMarie laure Kottler\u00a0\u00bb url=\u00a0\u00bbhttps:\/\/sallenelles.net\/wp-content\/uploads\/2025\/05\/Marie-laure-Kottler.pdf\u00a0\u00bb url_new_window=\u00a0\u00bbon\u00a0\u00bb _builder_version=\u00a0\u00bb4.27.4&Prime; _module_preset=\u00a0\u00bbdefault\u00a0\u00bb global_colors_info=\u00a0\u00bb{}\u00a0\u00bb][\/et_pb_image][et_pb_image src=\u00a0\u00bbhttps:\/\/sallenelles.net\/wp-content\/uploads\/2025\/05\/Patrick-Dagorn-1.jpg\u00a0\u00bb title_text=\u00a0\u00bbPatrick Dagorn\u00a0\u00bb show_in_lightbox=\u00a0\u00bbon\u00a0\u00bb _builder_version=\u00a0\u00bb4.27.4&Prime; _module_preset=\u00a0\u00bbdefault\u00a0\u00bb global_colors_info=\u00a0\u00bb{}\u00a0\u00bb][\/et_pb_image][et_pb_image src=\u00a0\u00bbhttps:\/\/sallenelles.net\/wp-content\/uploads\/2025\/05\/Urbanisme.jpg\u00a0\u00bb title_text=\u00a0\u00bbUrbanisme\u00a0\u00bb url=\u00a0\u00bbhttps:\/\/sallenelles.net\/wp-content\/uploads\/2025\/05\/Urbanisme.pdf\u00a0\u00bb url_new_window=\u00a0\u00bbon\u00a0\u00bb _builder_version=\u00a0\u00bb4.27.4&Prime; _module_preset=\u00a0\u00bbdefault\u00a0\u00bb global_colors_info=\u00a0\u00bb{}\u00a0\u00bb][\/et_pb_image][et_pb_image src=\u00a0\u00bbhttps:\/\/sallenelles.net\/wp-content\/uploads\/2025\/05\/Gougeon.jpg\u00a0\u00bb title_text=\u00a0\u00bbGougeon\u00a0\u00bb show_in_lightbox=\u00a0\u00bbon\u00a0\u00bb _builder_version=\u00a0\u00bb4.27.4&Prime; _module_preset=\u00a0\u00bbdefault\u00a0\u00bb global_colors_info=\u00a0\u00bb{}\u00a0\u00bb][\/et_pb_image][et_pb_image src=\u00a0\u00bbhttps:\/\/sallenelles.net\/wp-content\/uploads\/2025\/05\/Vibert.jpg\u00a0\u00bb title_text=\u00a0\u00bbVibert\u00a0\u00bb url=\u00a0\u00bbhttps:\/\/sallenelles.net\/wp-content\/uploads\/2025\/05\/Vibert.pdf\u00a0\u00bb url_new_window=\u00a0\u00bbon\u00a0\u00bb _builder_version=\u00a0\u00bb4.27.4&Prime; _module_preset=\u00a0\u00bbdefault\u00a0\u00bb global_colors_info=\u00a0\u00bb{}\u00a0\u00bb][\/et_pb_image][et_pb_image src=\u00a0\u00bbhttps:\/\/sallenelles.net\/wp-content\/uploads\/2025\/05\/Chazal.jpg\u00a0\u00bb title_text=\u00a0\u00bbChazal\u00a0\u00bb url=\u00a0\u00bbhttps:\/\/sallenelles.net\/wp-content\/uploads\/2025\/05\/Chazal.pdf\u00a0\u00bb url_new_window=\u00a0\u00bbon\u00a0\u00bb _builder_version=\u00a0\u00bb4.27.4&Prime; _module_preset=\u00a0\u00bbdefault\u00a0\u00bb global_colors_info=\u00a0\u00bb{}\u00a0\u00bb][\/et_pb_image][et_pb_image src=\u00a0\u00bbhttps:\/\/sallenelles.net\/wp-content\/uploads\/2025\/05\/Romagne.jpg\u00a0\u00bb title_text=\u00a0\u00bbRomagne\u00a0\u00bb url=\u00a0\u00bbhttps:\/\/sallenelles.net\/wp-content\/uploads\/2025\/05\/Romagne.pdf\u00a0\u00bb url_new_window=\u00a0\u00bbon\u00a0\u00bb _builder_version=\u00a0\u00bb4.27.4&Prime; _module_preset=\u00a0\u00bbdefault\u00a0\u00bb global_colors_info=\u00a0\u00bb{}\u00a0\u00bb][\/et_pb_image][et_pb_image src=\u00a0\u00bbhttps:\/\/sallenelles.net\/wp-content\/uploads\/2025\/05\/Greffin.jpg\u00a0\u00bb title_text=\u00a0\u00bbGreffin\u00a0\u00bb url=\u00a0\u00bbhttps:\/\/sallenelles.net\/wp-content\/uploads\/2025\/05\/Greffin.pdf\u00a0\u00bb url_new_window=\u00a0\u00bbon\u00a0\u00bb _builder_version=\u00a0\u00bb4.27.4&Prime; _module_preset=\u00a0\u00bbdefault\u00a0\u00bb global_colors_info=\u00a0\u00bb{}\u00a0\u00bb][\/et_pb_image][et_pb_image src=\u00a0\u00bbhttps:\/\/sallenelles.net\/wp-content\/uploads\/2025\/05\/Lussignol.jpg\u00a0\u00bb title_text=\u00a0\u00bbLussignol\u00a0\u00bb show_in_lightbox=\u00a0\u00bbon\u00a0\u00bb _builder_version=\u00a0\u00bb4.27.4&Prime; _module_preset=\u00a0\u00bbdefault\u00a0\u00bb global_colors_info=\u00a0\u00bb{}\u00a0\u00bb][\/et_pb_image][et_pb_image src=\u00a0\u00bbhttps:\/\/sallenelles.net\/wp-content\/uploads\/2025\/05\/michel-Halle-scaled.jpg\u00a0\u00bb _builder_version=\u00a0\u00bb4.27.4&Prime; _module_preset=\u00a0\u00bbdefault\u00a0\u00bb title_text=\u00a0\u00bbmichel Halle\u00a0\u00bb show_in_lightbox=\u00a0\u00bbon\u00a0\u00bb hover_enabled=\u00a0\u00bb0&Prime; sticky_enabled=\u00a0\u00bb0&Prime;][\/et_pb_image][et_pb_image src=\u00a0\u00bbhttps:\/\/sallenelles.net\/wp-content\/uploads\/2025\/05\/Perleroide-rotated.jpg\u00a0\u00bb _builder_version=\u00a0\u00bb4.27.4&Prime; _module_preset=\u00a0\u00bbdefault\u00a0\u00bb title_text=\u00a0\u00bbPerleroide\u00a0\u00bb show_in_lightbox=\u00a0\u00bbon\u00a0\u00bb hover_enabled=\u00a0\u00bb0&Prime; sticky_enabled=\u00a0\u00bb0&Prime;][\/et_pb_image][et_pb_image src=\u00a0\u00bbhttps:\/\/sallenelles.net\/wp-content\/uploads\/2025\/05\/frederique-chazal-rotated.jpg\u00a0\u00bb _builder_version=\u00a0\u00bb4.27.4&Prime; _module_preset=\u00a0\u00bbdefault\u00a0\u00bb title_text=\u00a0\u00bbfr\u00e9d\u00e9rique chazal\u00a0\u00bb show_in_lightbox=\u00a0\u00bbon\u00a0\u00bb hover_enabled=\u00a0\u00bb0&Prime; sticky_enabled=\u00a0\u00bb0&Prime;][\/et_pb_image][et_pb_image src=\u00a0\u00bbhttps:\/\/sallenelles.net\/wp-content\/uploads\/2025\/05\/kottler-rotated.jpg\u00a0\u00bb _builder_version=\u00a0\u00bb4.27.4&Prime; _module_preset=\u00a0\u00bbdefault\u00a0\u00bb title_text=\u00a0\u00bbkottler\u00a0\u00bb hover_enabled=\u00a0\u00bb0&Prime; sticky_enabled=\u00a0\u00bb0&Prime; show_in_lightbox=\u00a0\u00bbon\u00a0\u00bb][\/et_pb_image][et_pb_image src=\u00a0\u00bbhttps:\/\/sallenelles.net\/wp-content\/uploads\/2025\/05\/Crichon-rotated.jpg\u00a0\u00bb _builder_version=\u00a0\u00bb4.27.4&Prime; _module_preset=\u00a0\u00bbdefault\u00a0\u00bb title_text=\u00a0\u00bbCrichon\u00a0\u00bb show_in_lightbox=\u00a0\u00bbon\u00a0\u00bb hover_enabled=\u00a0\u00bb0&Prime; sticky_enabled=\u00a0\u00bb0&Prime;][\/et_pb_image][et_pb_text _builder_version=\u00a0\u00bb4.27.4&Prime; _module_preset=\u00a0\u00bbdefault\u00a0\u00bb global_colors_info=\u00a0\u00bb{}\u00a0\u00bb]<\/p>\n<p><span style=\"color: #ff0000;\"><em>Cliquez sur le texte pour l&rsquo;agrandir<\/em><\/span><\/p>\n<p>[\/et_pb_text][\/et_pb_column][\/et_pb_row][\/et_pb_section]<\/p>\n","protected":false},"excerpt":{"rendered":"<p>Merci pour obervations :De\u00a0: Jean-Louis GREFFIN &lt;greffinjeanlouis@orange.fr&gt;Date: sam. 19 avr. 2025 \u00e0\u00a014:14Subject: complement au message du 15 avrilTo: &lt;enquetepublique.plusallenelles@gmail.com&gt; compl\u00e9ment au message du 15 avril si vraiment nos \u00e9lus souhaitent des constructions chemin du moulin d&rsquo;eau pourquoi ne pas utiliser le terrain face au club hippique de Merville Franceville ce serait en continuit\u00e9 des habitations [&hellip;]<\/p>\n","protected":false},"author":2,"featured_media":0,"parent":0,"menu_order":0,"comment_status":"closed","ping_status":"closed","template":"","meta":{"_et_pb_use_builder":"on","_et_pb_old_content":"<p style=\"text-align: center;\">\r\n<a href=\"https:\/\/sallenelles.net\/wp-content\/uploads\/2019\/08\/zonageplu.pdf\" target=\"_blank\" rel=\"noopener noreferrer\"><img class=\"size-large wp-image-421 aligncenter\" src=\"https:\/\/sallenelles.net\/wp-content\/uploads\/2019\/08\/zonage-plu-sallenelles-1024x721.jpg\" alt=\"\" width=\"1024\" height=\"721\" \/><\/a><\/p>\r\n\u00a0\r\n<p style=\"text-align: center;\"><a href=\"https:\/\/sallenelles.net\/wp-content\/uploads\/2019\/08\/zonageplu.pdf\">zonageplu<\/a><\/p>\r\n\u00a0\r\n<p style=\"text-align: center;\"><strong><span style=\"font-size: 14pt;\">R\u00e9glement \u00e9crit format pdf\u00a0 \u00a0\u00a0<\/span><\/strong><span style=\"font-size: 12pt;\"><a href=\"https:\/\/sallenelles.net\/wp-content\/uploads\/2019\/08\/3-r\u00e9glement-\u00e9crit.pdf\">3 r\u00e9glement \u00e9crit<\/a><\/span><\/p>","_et_gb_content_width":"","_monsterinsights_skip_tracking":false,"_monsterinsights_sitenote_active":false,"_monsterinsights_sitenote_note":"","_monsterinsights_sitenote_category":0,"footnotes":""},"class_list":["post-1748","page","type-page","status-publish","hentry"],"yoast_head":"<!-- This site is optimized with the Yoast SEO plugin v27.4 - https:\/\/yoast.com\/product\/yoast-seo-wordpress\/ -->\n<title>Observations du Public - Mairie de Sallenelles<\/title>\n<meta name=\"robots\" content=\"index, follow, max-snippet:-1, max-image-preview:large, max-video-preview:-1\" \/>\n<link rel=\"canonical\" href=\"https:\/\/sallenelles.net\/index.php\/observations-du-public\/\" \/>\n<meta property=\"og:locale\" content=\"fr_FR\" \/>\n<meta property=\"og:type\" content=\"article\" \/>\n<meta property=\"og:title\" content=\"Observations du Public - Mairie de Sallenelles\" \/>\n<meta property=\"og:description\" content=\"Merci pour obervations :De\u00a0: Jean-Louis GREFFIN &lt;greffinjeanlouis@orange.fr&gt;Date: sam. 19 avr. 2025 \u00e0\u00a014:14Subject: complement au message du 15 avrilTo: &lt;enquetepublique.plusallenelles@gmail.com&gt; compl\u00e9ment au message du 15 avril si vraiment nos \u00e9lus souhaitent des constructions chemin du moulin d&#039;eau pourquoi ne pas utiliser le terrain face au club hippique de Merville Franceville ce serait en continuit\u00e9 des habitations [&hellip;]\" \/>\n<meta property=\"og:url\" content=\"https:\/\/sallenelles.net\/index.php\/observations-du-public\/\" \/>\n<meta property=\"og:site_name\" content=\"Mairie de Sallenelles\" \/>\n<meta property=\"article:modified_time\" content=\"2025-05-20T15:31:53+00:00\" \/>\n<meta name=\"twitter:card\" content=\"summary_large_image\" \/>\n<meta name=\"twitter:label1\" content=\"Dur\u00e9e de lecture estim\u00e9e\" \/>\n\t<meta name=\"twitter:data1\" content=\"3 minutes\" \/>\n<script type=\"application\/ld+json\" class=\"yoast-schema-graph\">{\"@context\":\"https:\\\/\\\/schema.org\",\"@graph\":[{\"@type\":\"WebPage\",\"@id\":\"https:\\\/\\\/sallenelles.net\\\/index.php\\\/observations-du-public\\\/\",\"url\":\"https:\\\/\\\/sallenelles.net\\\/index.php\\\/observations-du-public\\\/\",\"name\":\"Observations du Public - Mairie de Sallenelles\",\"isPartOf\":{\"@id\":\"https:\\\/\\\/sallenelles.net\\\/#website\"},\"datePublished\":\"2025-04-23T14:38:30+00:00\",\"dateModified\":\"2025-05-20T15:31:53+00:00\",\"breadcrumb\":{\"@id\":\"https:\\\/\\\/sallenelles.net\\\/index.php\\\/observations-du-public\\\/#breadcrumb\"},\"inLanguage\":\"fr-FR\",\"potentialAction\":[{\"@type\":\"ReadAction\",\"target\":[\"https:\\\/\\\/sallenelles.net\\\/index.php\\\/observations-du-public\\\/\"]}]},{\"@type\":\"BreadcrumbList\",\"@id\":\"https:\\\/\\\/sallenelles.net\\\/index.php\\\/observations-du-public\\\/#breadcrumb\",\"itemListElement\":[{\"@type\":\"ListItem\",\"position\":1,\"name\":\"Accueil\",\"item\":\"https:\\\/\\\/sallenelles.net\\\/\"},{\"@type\":\"ListItem\",\"position\":2,\"name\":\"Observations du Public\"}]},{\"@type\":\"WebSite\",\"@id\":\"https:\\\/\\\/sallenelles.net\\\/#website\",\"url\":\"https:\\\/\\\/sallenelles.net\\\/\",\"name\":\"Mairie de Sallenelles\",\"description\":\"La Vie de la Commune\",\"publisher\":{\"@id\":\"https:\\\/\\\/sallenelles.net\\\/#organization\"},\"potentialAction\":[{\"@type\":\"SearchAction\",\"target\":{\"@type\":\"EntryPoint\",\"urlTemplate\":\"https:\\\/\\\/sallenelles.net\\\/?s={search_term_string}\"},\"query-input\":{\"@type\":\"PropertyValueSpecification\",\"valueRequired\":true,\"valueName\":\"search_term_string\"}}],\"inLanguage\":\"fr-FR\"},{\"@type\":\"Organization\",\"@id\":\"https:\\\/\\\/sallenelles.net\\\/#organization\",\"name\":\"Mairie de Sallenelles\",\"url\":\"https:\\\/\\\/sallenelles.net\\\/\",\"logo\":{\"@type\":\"ImageObject\",\"inLanguage\":\"fr-FR\",\"@id\":\"https:\\\/\\\/sallenelles.net\\\/#\\\/schema\\\/logo\\\/image\\\/\",\"url\":\"https:\\\/\\\/sallenelles.net\\\/wp-content\\\/uploads\\\/2021\\\/04\\\/cropped-blason-sallenelles.jpg\",\"contentUrl\":\"https:\\\/\\\/sallenelles.net\\\/wp-content\\\/uploads\\\/2021\\\/04\\\/cropped-blason-sallenelles.jpg\",\"width\":512,\"height\":512,\"caption\":\"Mairie de Sallenelles\"},\"image\":{\"@id\":\"https:\\\/\\\/sallenelles.net\\\/#\\\/schema\\\/logo\\\/image\\\/\"}}]}<\/script>\n<!-- \/ Yoast SEO plugin. -->","yoast_head_json":{"title":"Observations du Public - Mairie de Sallenelles","robots":{"index":"index","follow":"follow","max-snippet":"max-snippet:-1","max-image-preview":"max-image-preview:large","max-video-preview":"max-video-preview:-1"},"canonical":"https:\/\/sallenelles.net\/index.php\/observations-du-public\/","og_locale":"fr_FR","og_type":"article","og_title":"Observations du Public - Mairie de Sallenelles","og_description":"Merci pour obervations :De\u00a0: Jean-Louis GREFFIN &lt;greffinjeanlouis@orange.fr&gt;Date: sam. 19 avr. 2025 \u00e0\u00a014:14Subject: complement au message du 15 avrilTo: &lt;enquetepublique.plusallenelles@gmail.com&gt; compl\u00e9ment au message du 15 avril si vraiment nos \u00e9lus souhaitent des constructions chemin du moulin d'eau pourquoi ne pas utiliser le terrain face au club hippique de Merville Franceville ce serait en continuit\u00e9 des habitations [&hellip;]","og_url":"https:\/\/sallenelles.net\/index.php\/observations-du-public\/","og_site_name":"Mairie de Sallenelles","article_modified_time":"2025-05-20T15:31:53+00:00","twitter_card":"summary_large_image","twitter_misc":{"Dur\u00e9e de lecture estim\u00e9e":"3 minutes"},"schema":{"@context":"https:\/\/schema.org","@graph":[{"@type":"WebPage","@id":"https:\/\/sallenelles.net\/index.php\/observations-du-public\/","url":"https:\/\/sallenelles.net\/index.php\/observations-du-public\/","name":"Observations du Public - Mairie de Sallenelles","isPartOf":{"@id":"https:\/\/sallenelles.net\/#website"},"datePublished":"2025-04-23T14:38:30+00:00","dateModified":"2025-05-20T15:31:53+00:00","breadcrumb":{"@id":"https:\/\/sallenelles.net\/index.php\/observations-du-public\/#breadcrumb"},"inLanguage":"fr-FR","potentialAction":[{"@type":"ReadAction","target":["https:\/\/sallenelles.net\/index.php\/observations-du-public\/"]}]},{"@type":"BreadcrumbList","@id":"https:\/\/sallenelles.net\/index.php\/observations-du-public\/#breadcrumb","itemListElement":[{"@type":"ListItem","position":1,"name":"Accueil","item":"https:\/\/sallenelles.net\/"},{"@type":"ListItem","position":2,"name":"Observations du Public"}]},{"@type":"WebSite","@id":"https:\/\/sallenelles.net\/#website","url":"https:\/\/sallenelles.net\/","name":"Mairie de Sallenelles","description":"La Vie de la Commune","publisher":{"@id":"https:\/\/sallenelles.net\/#organization"},"potentialAction":[{"@type":"SearchAction","target":{"@type":"EntryPoint","urlTemplate":"https:\/\/sallenelles.net\/?s={search_term_string}"},"query-input":{"@type":"PropertyValueSpecification","valueRequired":true,"valueName":"search_term_string"}}],"inLanguage":"fr-FR"},{"@type":"Organization","@id":"https:\/\/sallenelles.net\/#organization","name":"Mairie de Sallenelles","url":"https:\/\/sallenelles.net\/","logo":{"@type":"ImageObject","inLanguage":"fr-FR","@id":"https:\/\/sallenelles.net\/#\/schema\/logo\/image\/","url":"https:\/\/sallenelles.net\/wp-content\/uploads\/2021\/04\/cropped-blason-sallenelles.jpg","contentUrl":"https:\/\/sallenelles.net\/wp-content\/uploads\/2021\/04\/cropped-blason-sallenelles.jpg","width":512,"height":512,"caption":"Mairie de Sallenelles"},"image":{"@id":"https:\/\/sallenelles.net\/#\/schema\/logo\/image\/"}}]}},"_links":{"self":[{"href":"https:\/\/sallenelles.net\/index.php\/wp-json\/wp\/v2\/pages\/1748","targetHints":{"allow":["GET"]}}],"collection":[{"href":"https:\/\/sallenelles.net\/index.php\/wp-json\/wp\/v2\/pages"}],"about":[{"href":"https:\/\/sallenelles.net\/index.php\/wp-json\/wp\/v2\/types\/page"}],"author":[{"embeddable":true,"href":"https:\/\/sallenelles.net\/index.php\/wp-json\/wp\/v2\/users\/2"}],"replies":[{"embeddable":true,"href":"https:\/\/sallenelles.net\/index.php\/wp-json\/wp\/v2\/comments?post=1748"}],"version-history":[{"count":25,"href":"https:\/\/sallenelles.net\/index.php\/wp-json\/wp\/v2\/pages\/1748\/revisions"}],"predecessor-version":[{"id":1827,"href":"https:\/\/sallenelles.net\/index.php\/wp-json\/wp\/v2\/pages\/1748\/revisions\/1827"}],"wp:attachment":[{"href":"https:\/\/sallenelles.net\/index.php\/wp-json\/wp\/v2\/media?parent=1748"}],"curies":[{"name":"wp","href":"https:\/\/api.w.org\/{rel}","templated":true}]}}