{"id":208,"date":"2019-07-22T08:23:47","date_gmt":"2019-07-22T08:23:47","guid":{"rendered":"https:\/\/sallenelles.net\/?page_id=208"},"modified":"2020-12-08T14:33:58","modified_gmt":"2020-12-08T14:33:58","slug":"permis-de-construire","status":"publish","type":"page","link":"https:\/\/sallenelles.net\/index.php\/permis-de-construire\/","title":{"rendered":"Permis de construire"},"content":{"rendered":"<p>[et_pb_section fb_built=\u00a0\u00bb1&Prime; _builder_version=\u00a0\u00bb3.25.4&Prime;][et_pb_row _builder_version=\u00a0\u00bb3.25.4&Prime; min_height=\u00a0\u00bb1328px\u00a0\u00bb][et_pb_column type=\u00a0\u00bb4_4&Prime; _builder_version=\u00a0\u00bb3.25.4&Prime;][et_pb_text _builder_version=\u00a0\u00bb4.7.4&Prime; text_font=\u00a0\u00bbArial||||||||\u00a0\u00bb text_text_color=\u00a0\u00bb#000000&Prime; text_font_size=\u00a0\u00bb15px\u00a0\u00bb text_line_height=\u00a0\u00bb2em\u00a0\u00bb link_font=\u00a0\u00bb||||||||\u00a0\u00bb link_option_url=\u00a0\u00bbhttp:\/\/www.calvados.gouv.fr\/la-direction-departementale-des-territoires-et-de-a1951.html\u00a0\u00bb hover_enabled=\u00a0\u00bb0&Prime; sticky_enabled=\u00a0\u00bb0&Prime;]<\/p>\n<h3><span style=\"color: #ff6600;\">\u00a0 \u00a0 \u00a0 \u00a0 \u00a0 \u00a0 \u00a0 \u00a0 \u00a0\u00a0 URBANISME \u00a0 \u00a0 \u00a0 \u00a0 \u00a0\u00a0 PAGE EN CONSTRUCTION<br \/> <\/span><\/h3>\n<p>[\/et_pb_text][et_pb_text _builder_version=\u00a0\u00bb3.27.4&Prime; text_font=\u00a0\u00bbArial||||||||\u00a0\u00bb text_text_color=\u00a0\u00bb#000000&Prime; text_font_size=\u00a0\u00bb15px\u00a0\u00bb text_line_height=\u00a0\u00bb2em\u00a0\u00bb link_font=\u00a0\u00bb||||||||\u00a0\u00bb link_option_url=\u00a0\u00bbhttp:\/\/www.calvados.gouv.fr\/la-direction-departementale-des-territoires-et-de-a1951.html\u00a0\u00bb]<\/p>\n<h3><span style=\"color: #ff6600;\">\u00a0 \u00a0 \u00a0 \u00a0 \u00a0 \u00a0 \u00a0 \u00a0 \u00a0 \u00a0 \u00a0 \u00a0 \u00a0 \u00a0 \u00a0 \u00a0Formulaire Permis de construire.<\/span><\/h3>\n<p>&#8211; surface construite sup\u00e9rieure \u00e0 40 m2<br \/> &#8211; Changement de destination de la construction ou la parcelle.<br \/> Liste des documents \u00e0 fournir :<br \/> &#8211; Plan de situation du terrain<br \/> &#8211; Plan de masse.<br \/> &#8211; Plan des fa\u00e7ades.<br \/> &#8211; Vue en coupe pr\u00e9cisant l&rsquo;implantation de la construction.<br \/> &#8211; Notice descriptive.<br \/> &#8211; Document photographique permettant de situer le terrain dans le paysage proche et\/ou lointain.<br \/> &#8211; Document graphique permettant d&rsquo;appr\u00e9cier l&rsquo;insertion du projet dans l&rsquo;environnement.<br \/> &#8211; Le recours \u00e0 un architecte est obligatoire pour les constructions dont l&rsquo; emprise au sol d\u00e9passe 170 m2<\/p>\n<h4><span style=\"color: #ff6600;\">\u00a0 \u00a0 \u00a0 \u00a0 \u00a0 \u00a0 \u00a0 \u00a0D\u00e9lai :<\/span><\/h4>\n<p>2 mois d&rsquo;instruction \u00e0 la DDTM de Caen.<br \/> 1 mois suppl\u00e9mentaire pour la consultation des b\u00e2timents de France.<\/p>\n<h4><span style=\"color: #ff6600;\">\u00a0 \u00a0 \u00a0 \u00a0 \u00a0 \u00a0 \u00a0 \u00a0Observations :<\/span><\/h4>\n<p>&#8211; D\u00e9p\u00f4t des dossiers en 4 exemplaires en Mairie contre r\u00e9c\u00e9piss\u00e9 d&rsquo;Avis de D\u00e9p\u00f4t ou envoi en<br \/> recommand\u00e9 avec avis de r\u00e9ception.<br \/> &#8211; 2 mois d&rsquo;affichage en mairie et sur le terrain pendant toute la dur\u00e9e des travaux.<\/p>\n<h3><span>\u00a0 \u00a0 \u00a0 \u00a0 \u00a0 \u00a0 \u00a0 \u00a0 \u00a0 \u00a0 \u00a0 \u00a0 \u00a0 \u00a0 \u00a0 \u00a0\u00a0<span style=\"color: #ff6600;\">Formulaire d\u00e9claration de travaux <\/span><\/span><\/h3>\n<p>&#8211; travaux de ravalement<br \/> &#8211; ouverture de fen\u00eatres, velux, portes&#8230;<br \/> &#8211; v\u00e9randa de moins de 40 m2.<br \/> &#8211; d\u00e9claration de cl\u00f4ture<br \/> &#8211; piscines non couvertes<br \/> &#8211; Toutefois, entre 20 et 40 m\u00b2 de surface de plancher ou d&#8217;emprise au sol,<br \/> un permis de construire est exig\u00e9 si, apr\u00e8s r\u00e9alisation, la surface ou l&#8217;emprise<br \/> totale de la construction d\u00e9passe 170 m\u00b2.<\/p>\n<h4><span style=\"color: #ff6600;\">\u00a0 \u00a0 \u00a0 \u00a0 \u00a0 \u00a0 \u00a0 \u00a0D\u00e9lai:<\/span><\/h4>\n<p>1 mois de d\u00e9lai d&rsquo;instruction \u00e0 la DDTM de Caen<\/p>\n<h4><span style=\"color: #ff6600;\">\u00a0 \u00a0 \u00a0 \u00a0 \u00a0 \u00a0 \u00a0 \u00a0 Observations:<\/span><\/h4>\n<p>&#8211; D\u00e9p\u00f4t des dossiers en 4 exemplaires en mairie contre r\u00e9c\u00e9piss\u00e9 d&rsquo;Avis de D\u00e9p\u00f4t ou envoi\u00a0en Recommand\u00e9 avec avis de r\u00e9ception.<br \/> &#8211; 2 mois d&rsquo;affichage en mairie et sur le terrain pendant toute la dur\u00e9e des travaux.<\/p>\n<p>Pour tout autre renseignement ou pour consulter le plan d&rsquo;occupation des sols : prendre contact avec la mairie.<\/p>\n<h4>\u00a0 \u00a0 \u00a0 \u00a0 \u00a0 \u00a0 \u00a0 \u00a0Site Internet de la DDTM: <a href=\"http:\/\/www.calvados.gouv.fr\/la-direction-departementale-des-territoires-et-de-a1951.html\" title=\"http:\/\/www.calvados.gouv.fr\/la-direction-departementale-des-territoires-et-de-a1951.html\" target=\"_blank\" rel=\"noopener noreferrer\"><span style=\"color: #ff6600;\"><em>cliquez ici<\/em><\/span>.<\/a><\/h4>\n<p>Vous pouvez \u00e9galement <strong>contacter le C.A.U.E<\/strong> qui est un organisme d\u00e9partemental d&rsquo;information, de conseil, de formation, de rencontres et d&rsquo;initiatives. Les architectes conseillers du C.A.U.E. vous aident \u00e0 \u00e9laborer ou \u00e0 am\u00e9liorer votre projet de construction, de r\u00e9novation ou d\u2019extension dans le Calvados.<\/p>\n<h5>Le C.A.U.E. propose gratuitement ce service \u00e0 Caen. Il est ouvert \u00e0 tous.<\/p>\n<p> Vous pouvez prendre rendez-vous avec l&rsquo;un des architectes conseillers en t\u00e9l\u00e9phonant au 02-31-15-59-60 ou par <strong><span style=\"color: #ff6600;\">e-mail contact@caue14.fr.<\/span><\/strong><\/h5>\n<h5><\/h5>\n<h4 style=\"text-align: center;\">Site : <span style=\"color: #ff6600;\"><a href=\"http:\/\/www.caue14.fr.\/\" target=\"_blank\" rel=\"noopener noreferrer\" style=\"color: #ff6600;\">www.caue14.fr.<\/a><\/span><\/h4>\n<p>[\/et_pb_text][\/et_pb_column][\/et_pb_row][\/et_pb_section]<\/p>\n","protected":false},"excerpt":{"rendered":"<p>\u00a0 \u00a0 \u00a0 \u00a0 \u00a0 \u00a0 \u00a0 \u00a0 \u00a0\u00a0 URBANISME \u00a0 \u00a0 \u00a0 \u00a0 \u00a0\u00a0 PAGE EN CONSTRUCTION \u00a0 \u00a0 \u00a0 \u00a0 \u00a0 \u00a0 \u00a0 \u00a0 \u00a0 \u00a0 \u00a0 \u00a0 \u00a0 \u00a0 \u00a0 \u00a0Formulaire Permis de construire. &#8211; surface construite sup\u00e9rieure \u00e0 40 m2 &#8211; Changement de destination de la construction ou la parcelle. Liste [&hellip;]<\/p>\n","protected":false},"author":1,"featured_media":0,"parent":0,"menu_order":0,"comment_status":"closed","ping_status":"closed","template":"","meta":{"_et_pb_use_builder":"on","_et_pb_old_content":"","_et_gb_content_width":"","_monsterinsights_skip_tracking":false,"_monsterinsights_sitenote_active":false,"_monsterinsights_sitenote_note":"","_monsterinsights_sitenote_category":0,"footnotes":""},"class_list":["post-208","page","type-page","status-publish","hentry"],"yoast_head":"<!-- This site is optimized with the Yoast SEO plugin v27.4 - https:\/\/yoast.com\/product\/yoast-seo-wordpress\/ -->\n<title>Permis de construire - Mairie de Sallenelles<\/title>\n<meta name=\"robots\" content=\"index, follow, max-snippet:-1, max-image-preview:large, max-video-preview:-1\" \/>\n<link rel=\"canonical\" href=\"https:\/\/sallenelles.net\/index.php\/permis-de-construire\/\" \/>\n<meta property=\"og:locale\" content=\"fr_FR\" \/>\n<meta property=\"og:type\" content=\"article\" \/>\n<meta property=\"og:title\" content=\"Permis de construire - Mairie de Sallenelles\" \/>\n<meta property=\"og:description\" content=\"\u00a0 \u00a0 \u00a0 \u00a0 \u00a0 \u00a0 \u00a0 \u00a0 \u00a0\u00a0 URBANISME \u00a0 \u00a0 \u00a0 \u00a0 \u00a0\u00a0 PAGE EN CONSTRUCTION \u00a0 \u00a0 \u00a0 \u00a0 \u00a0 \u00a0 \u00a0 \u00a0 \u00a0 \u00a0 \u00a0 \u00a0 \u00a0 \u00a0 \u00a0 \u00a0Formulaire Permis de construire. - surface construite sup\u00e9rieure \u00e0 40 m2 - Changement de destination de la construction ou la parcelle. Liste [&hellip;]\" \/>\n<meta property=\"og:url\" content=\"https:\/\/sallenelles.net\/index.php\/permis-de-construire\/\" \/>\n<meta property=\"og:site_name\" content=\"Mairie de Sallenelles\" \/>\n<meta property=\"article:modified_time\" content=\"2020-12-08T14:33:58+00:00\" \/>\n<meta name=\"twitter:card\" content=\"summary_large_image\" \/>\n<meta name=\"twitter:label1\" content=\"Dur\u00e9e de lecture estim\u00e9e\" \/>\n\t<meta name=\"twitter:data1\" content=\"3 minutes\" \/>\n<script type=\"application\/ld+json\" class=\"yoast-schema-graph\">{\"@context\":\"https:\\\/\\\/schema.org\",\"@graph\":[{\"@type\":\"WebPage\",\"@id\":\"https:\\\/\\\/sallenelles.net\\\/index.php\\\/permis-de-construire\\\/\",\"url\":\"https:\\\/\\\/sallenelles.net\\\/index.php\\\/permis-de-construire\\\/\",\"name\":\"Permis de construire - Mairie de Sallenelles\",\"isPartOf\":{\"@id\":\"https:\\\/\\\/sallenelles.net\\\/#website\"},\"datePublished\":\"2019-07-22T08:23:47+00:00\",\"dateModified\":\"2020-12-08T14:33:58+00:00\",\"breadcrumb\":{\"@id\":\"https:\\\/\\\/sallenelles.net\\\/index.php\\\/permis-de-construire\\\/#breadcrumb\"},\"inLanguage\":\"fr-FR\",\"potentialAction\":[{\"@type\":\"ReadAction\",\"target\":[\"https:\\\/\\\/sallenelles.net\\\/index.php\\\/permis-de-construire\\\/\"]}]},{\"@type\":\"BreadcrumbList\",\"@id\":\"https:\\\/\\\/sallenelles.net\\\/index.php\\\/permis-de-construire\\\/#breadcrumb\",\"itemListElement\":[{\"@type\":\"ListItem\",\"position\":1,\"name\":\"Accueil\",\"item\":\"https:\\\/\\\/sallenelles.net\\\/\"},{\"@type\":\"ListItem\",\"position\":2,\"name\":\"Permis de construire\"}]},{\"@type\":\"WebSite\",\"@id\":\"https:\\\/\\\/sallenelles.net\\\/#website\",\"url\":\"https:\\\/\\\/sallenelles.net\\\/\",\"name\":\"Mairie de Sallenelles\",\"description\":\"La Vie de la Commune\",\"publisher\":{\"@id\":\"https:\\\/\\\/sallenelles.net\\\/#organization\"},\"potentialAction\":[{\"@type\":\"SearchAction\",\"target\":{\"@type\":\"EntryPoint\",\"urlTemplate\":\"https:\\\/\\\/sallenelles.net\\\/?s={search_term_string}\"},\"query-input\":{\"@type\":\"PropertyValueSpecification\",\"valueRequired\":true,\"valueName\":\"search_term_string\"}}],\"inLanguage\":\"fr-FR\"},{\"@type\":\"Organization\",\"@id\":\"https:\\\/\\\/sallenelles.net\\\/#organization\",\"name\":\"Mairie de Sallenelles\",\"url\":\"https:\\\/\\\/sallenelles.net\\\/\",\"logo\":{\"@type\":\"ImageObject\",\"inLanguage\":\"fr-FR\",\"@id\":\"https:\\\/\\\/sallenelles.net\\\/#\\\/schema\\\/logo\\\/image\\\/\",\"url\":\"https:\\\/\\\/sallenelles.net\\\/wp-content\\\/uploads\\\/2021\\\/04\\\/cropped-blason-sallenelles.jpg\",\"contentUrl\":\"https:\\\/\\\/sallenelles.net\\\/wp-content\\\/uploads\\\/2021\\\/04\\\/cropped-blason-sallenelles.jpg\",\"width\":512,\"height\":512,\"caption\":\"Mairie de Sallenelles\"},\"image\":{\"@id\":\"https:\\\/\\\/sallenelles.net\\\/#\\\/schema\\\/logo\\\/image\\\/\"}}]}<\/script>\n<!-- \/ Yoast SEO plugin. -->","yoast_head_json":{"title":"Permis de construire - Mairie de Sallenelles","robots":{"index":"index","follow":"follow","max-snippet":"max-snippet:-1","max-image-preview":"max-image-preview:large","max-video-preview":"max-video-preview:-1"},"canonical":"https:\/\/sallenelles.net\/index.php\/permis-de-construire\/","og_locale":"fr_FR","og_type":"article","og_title":"Permis de construire - Mairie de Sallenelles","og_description":"\u00a0 \u00a0 \u00a0 \u00a0 \u00a0 \u00a0 \u00a0 \u00a0 \u00a0\u00a0 URBANISME \u00a0 \u00a0 \u00a0 \u00a0 \u00a0\u00a0 PAGE EN CONSTRUCTION \u00a0 \u00a0 \u00a0 \u00a0 \u00a0 \u00a0 \u00a0 \u00a0 \u00a0 \u00a0 \u00a0 \u00a0 \u00a0 \u00a0 \u00a0 \u00a0Formulaire Permis de construire. - surface construite sup\u00e9rieure \u00e0 40 m2 - Changement de destination de la construction ou la parcelle. Liste [&hellip;]","og_url":"https:\/\/sallenelles.net\/index.php\/permis-de-construire\/","og_site_name":"Mairie de Sallenelles","article_modified_time":"2020-12-08T14:33:58+00:00","twitter_card":"summary_large_image","twitter_misc":{"Dur\u00e9e de lecture estim\u00e9e":"3 minutes"},"schema":{"@context":"https:\/\/schema.org","@graph":[{"@type":"WebPage","@id":"https:\/\/sallenelles.net\/index.php\/permis-de-construire\/","url":"https:\/\/sallenelles.net\/index.php\/permis-de-construire\/","name":"Permis de construire - Mairie de Sallenelles","isPartOf":{"@id":"https:\/\/sallenelles.net\/#website"},"datePublished":"2019-07-22T08:23:47+00:00","dateModified":"2020-12-08T14:33:58+00:00","breadcrumb":{"@id":"https:\/\/sallenelles.net\/index.php\/permis-de-construire\/#breadcrumb"},"inLanguage":"fr-FR","potentialAction":[{"@type":"ReadAction","target":["https:\/\/sallenelles.net\/index.php\/permis-de-construire\/"]}]},{"@type":"BreadcrumbList","@id":"https:\/\/sallenelles.net\/index.php\/permis-de-construire\/#breadcrumb","itemListElement":[{"@type":"ListItem","position":1,"name":"Accueil","item":"https:\/\/sallenelles.net\/"},{"@type":"ListItem","position":2,"name":"Permis de construire"}]},{"@type":"WebSite","@id":"https:\/\/sallenelles.net\/#website","url":"https:\/\/sallenelles.net\/","name":"Mairie de Sallenelles","description":"La Vie de la Commune","publisher":{"@id":"https:\/\/sallenelles.net\/#organization"},"potentialAction":[{"@type":"SearchAction","target":{"@type":"EntryPoint","urlTemplate":"https:\/\/sallenelles.net\/?s={search_term_string}"},"query-input":{"@type":"PropertyValueSpecification","valueRequired":true,"valueName":"search_term_string"}}],"inLanguage":"fr-FR"},{"@type":"Organization","@id":"https:\/\/sallenelles.net\/#organization","name":"Mairie de Sallenelles","url":"https:\/\/sallenelles.net\/","logo":{"@type":"ImageObject","inLanguage":"fr-FR","@id":"https:\/\/sallenelles.net\/#\/schema\/logo\/image\/","url":"https:\/\/sallenelles.net\/wp-content\/uploads\/2021\/04\/cropped-blason-sallenelles.jpg","contentUrl":"https:\/\/sallenelles.net\/wp-content\/uploads\/2021\/04\/cropped-blason-sallenelles.jpg","width":512,"height":512,"caption":"Mairie de Sallenelles"},"image":{"@id":"https:\/\/sallenelles.net\/#\/schema\/logo\/image\/"}}]}},"_links":{"self":[{"href":"https:\/\/sallenelles.net\/index.php\/wp-json\/wp\/v2\/pages\/208","targetHints":{"allow":["GET"]}}],"collection":[{"href":"https:\/\/sallenelles.net\/index.php\/wp-json\/wp\/v2\/pages"}],"about":[{"href":"https:\/\/sallenelles.net\/index.php\/wp-json\/wp\/v2\/types\/page"}],"author":[{"embeddable":true,"href":"https:\/\/sallenelles.net\/index.php\/wp-json\/wp\/v2\/users\/1"}],"replies":[{"embeddable":true,"href":"https:\/\/sallenelles.net\/index.php\/wp-json\/wp\/v2\/comments?post=208"}],"version-history":[{"count":17,"href":"https:\/\/sallenelles.net\/index.php\/wp-json\/wp\/v2\/pages\/208\/revisions"}],"predecessor-version":[{"id":1240,"href":"https:\/\/sallenelles.net\/index.php\/wp-json\/wp\/v2\/pages\/208\/revisions\/1240"}],"wp:attachment":[{"href":"https:\/\/sallenelles.net\/index.php\/wp-json\/wp\/v2\/media?parent=208"}],"curies":[{"name":"wp","href":"https:\/\/api.w.org\/{rel}","templated":true}]}}