{"id":304,"date":"2019-07-26T08:07:45","date_gmt":"2019-07-26T08:07:45","guid":{"rendered":"https:\/\/sallenelles.net\/?page_id=304"},"modified":"2020-10-05T20:24:38","modified_gmt":"2020-10-05T20:24:38","slug":"tourisme","status":"publish","type":"page","link":"https:\/\/sallenelles.net\/index.php\/tourisme\/","title":{"rendered":"Tourisme"},"content":{"rendered":"<p>[et_pb_section fb_built=\u00a0\u00bb1&Prime; _builder_version=\u00a0\u00bb3.25.4&Prime;][et_pb_row _builder_version=\u00a0\u00bb3.25.4&Prime;][et_pb_column type=\u00a0\u00bb4_4&Prime; _builder_version=\u00a0\u00bb3.25.4&Prime;][et_pb_text _builder_version=\u00a0\u00bb4.6.0&Prime; text_font=\u00a0\u00bbVerdana||||||||\u00a0\u00bb text_font_size=\u00a0\u00bb17px\u00a0\u00bb hover_enabled=\u00a0\u00bb0&Prime; sticky_enabled=\u00a0\u00bb0&Prime;]<\/p>\n<p style=\"text-align: center;\"><span style=\"color: #000000;\">Notre communaut\u00e9 de communes, v\u00e9ritable \u00ab\u00a0bande verte\u00a0\u00bb entre Caen et la C\u00f4te Fleurie offre de nombreux atouts,<br \/> <\/span><span style=\"color: #000000; font-size: 17px;\">en particulier dans le domaine de la protection de l&rsquo;environnement.<\/span><\/p>\n<p style=\"text-align: center;\"><span style=\"color: #000000;\">Un r\u00e9seau de randonn\u00e9es de plus de 100 Km de chemins offre aux habitants et touristes, la possibilit\u00e9 de d\u00e9couvrir la faune et la flore d&rsquo;un territoire s&rsquo;\u00e9tendant des marais de la Dives \u00e0 la baie d&rsquo;Orne.<\/span><\/p>\n<p style=\"text-align: center;\"><span style=\"color: #000000;\">De tr\u00e9s nombreuses activit\u00e9s sont organis\u00e9es par les communes et sont consultables sur le site de l&rsquo;Office de tourisme.<\/span><\/p>\n<p>&nbsp;<\/p>\n<h3 style=\"text-align: center;\"><a href=\"http:\/\/www.normandie-cabourg-paysdauge-tourisme.fr\/agenda?\" target=\"_blank\" rel=\"noopener noreferrer\"><span style=\"color: #000000;\"><\/span><\/a><a href=\"https:\/\/www.normandie-cabourg-paysdauge-tourisme.fr\/\" target=\"_blank\" rel=\"noopener noreferrer\"><img loading=\"lazy\" decoding=\"async\" src=\"https:\/\/sallenelles.net\/wp-content\/uploads\/2020\/10\/NCPA-Tourisme-300x65.png\" alt=\"\" class=\"wp-image-974 alignnone size-medium\" width=\"300\" height=\"65\" \/><\/a><\/h3>\n<h3 style=\"text-align: center;\"><a href=\"http:\/\/www.normandie-cabourg-paysdauge-tourisme.fr\/agenda?\" target=\"_blank\" rel=\"noopener noreferrer\"><span style=\"color: #3366ff;\"><strong><span style=\"color: #3366ff;\"><\/span><\/strong><\/span><span style=\"color: #3366ff;\"><span style=\"color: #3366ff;\"><\/span><\/span><\/a><\/h3>\n<p>[\/et_pb_text][\/et_pb_column][\/et_pb_row][\/et_pb_section]<\/p>\n","protected":false},"excerpt":{"rendered":"<p>Notre communaut\u00e9 de communes, v\u00e9ritable \u00ab\u00a0bande verte\u00a0\u00bb entre Caen et la C\u00f4te Fleurie offre de nombreux atouts, en particulier dans le domaine de la protection de l&rsquo;environnement. Un r\u00e9seau de randonn\u00e9es de plus de 100 Km de chemins offre aux habitants et touristes, la possibilit\u00e9 de d\u00e9couvrir la faune et la flore d&rsquo;un territoire s&rsquo;\u00e9tendant [&hellip;]<\/p>\n","protected":false},"author":1,"featured_media":0,"parent":0,"menu_order":0,"comment_status":"closed","ping_status":"closed","template":"","meta":{"_et_pb_use_builder":"on","_et_pb_old_content":"","_et_gb_content_width":"","_monsterinsights_skip_tracking":false,"_monsterinsights_sitenote_active":false,"_monsterinsights_sitenote_note":"","_monsterinsights_sitenote_category":0,"footnotes":""},"class_list":["post-304","page","type-page","status-publish","hentry"],"yoast_head":"<!-- This site is optimized with the Yoast SEO plugin v27.4 - https:\/\/yoast.com\/product\/yoast-seo-wordpress\/ -->\n<title>Tourisme - Mairie de Sallenelles<\/title>\n<meta name=\"robots\" content=\"index, follow, max-snippet:-1, max-image-preview:large, max-video-preview:-1\" \/>\n<link rel=\"canonical\" href=\"https:\/\/sallenelles.net\/index.php\/tourisme\/\" \/>\n<meta property=\"og:locale\" content=\"fr_FR\" \/>\n<meta property=\"og:type\" content=\"article\" \/>\n<meta property=\"og:title\" content=\"Tourisme - Mairie de Sallenelles\" \/>\n<meta property=\"og:description\" content=\"Notre communaut\u00e9 de communes, v\u00e9ritable &quot;bande verte&quot; entre Caen et la C\u00f4te Fleurie offre de nombreux atouts, en particulier dans le domaine de la protection de l&#039;environnement. Un r\u00e9seau de randonn\u00e9es de plus de 100 Km de chemins offre aux habitants et touristes, la possibilit\u00e9 de d\u00e9couvrir la faune et la flore d&#039;un territoire s&#039;\u00e9tendant [&hellip;]\" \/>\n<meta property=\"og:url\" content=\"https:\/\/sallenelles.net\/index.php\/tourisme\/\" \/>\n<meta property=\"og:site_name\" content=\"Mairie de Sallenelles\" \/>\n<meta property=\"article:modified_time\" content=\"2020-10-05T20:24:38+00:00\" \/>\n<meta property=\"og:image\" content=\"https:\/\/sallenelles.net\/wp-content\/uploads\/2020\/10\/NCPA-Tourisme-300x65.png\" \/>\n<meta name=\"twitter:card\" content=\"summary_large_image\" \/>\n<meta name=\"twitter:label1\" content=\"Dur\u00e9e de lecture estim\u00e9e\" \/>\n\t<meta name=\"twitter:data1\" content=\"1 minute\" \/>\n<script type=\"application\/ld+json\" class=\"yoast-schema-graph\">{\"@context\":\"https:\\\/\\\/schema.org\",\"@graph\":[{\"@type\":\"WebPage\",\"@id\":\"https:\\\/\\\/sallenelles.net\\\/index.php\\\/tourisme\\\/\",\"url\":\"https:\\\/\\\/sallenelles.net\\\/index.php\\\/tourisme\\\/\",\"name\":\"Tourisme - Mairie de Sallenelles\",\"isPartOf\":{\"@id\":\"https:\\\/\\\/sallenelles.net\\\/#website\"},\"primaryImageOfPage\":{\"@id\":\"https:\\\/\\\/sallenelles.net\\\/index.php\\\/tourisme\\\/#primaryimage\"},\"image\":{\"@id\":\"https:\\\/\\\/sallenelles.net\\\/index.php\\\/tourisme\\\/#primaryimage\"},\"thumbnailUrl\":\"https:\\\/\\\/sallenelles.net\\\/wp-content\\\/uploads\\\/2020\\\/10\\\/NCPA-Tourisme-300x65.png\",\"datePublished\":\"2019-07-26T08:07:45+00:00\",\"dateModified\":\"2020-10-05T20:24:38+00:00\",\"breadcrumb\":{\"@id\":\"https:\\\/\\\/sallenelles.net\\\/index.php\\\/tourisme\\\/#breadcrumb\"},\"inLanguage\":\"fr-FR\",\"potentialAction\":[{\"@type\":\"ReadAction\",\"target\":[\"https:\\\/\\\/sallenelles.net\\\/index.php\\\/tourisme\\\/\"]}]},{\"@type\":\"ImageObject\",\"inLanguage\":\"fr-FR\",\"@id\":\"https:\\\/\\\/sallenelles.net\\\/index.php\\\/tourisme\\\/#primaryimage\",\"url\":\"https:\\\/\\\/sallenelles.net\\\/wp-content\\\/uploads\\\/2020\\\/10\\\/NCPA-Tourisme.png\",\"contentUrl\":\"https:\\\/\\\/sallenelles.net\\\/wp-content\\\/uploads\\\/2020\\\/10\\\/NCPA-Tourisme.png\",\"width\":586,\"height\":126},{\"@type\":\"BreadcrumbList\",\"@id\":\"https:\\\/\\\/sallenelles.net\\\/index.php\\\/tourisme\\\/#breadcrumb\",\"itemListElement\":[{\"@type\":\"ListItem\",\"position\":1,\"name\":\"Accueil\",\"item\":\"https:\\\/\\\/sallenelles.net\\\/\"},{\"@type\":\"ListItem\",\"position\":2,\"name\":\"Tourisme\"}]},{\"@type\":\"WebSite\",\"@id\":\"https:\\\/\\\/sallenelles.net\\\/#website\",\"url\":\"https:\\\/\\\/sallenelles.net\\\/\",\"name\":\"Mairie de Sallenelles\",\"description\":\"La Vie de la Commune\",\"publisher\":{\"@id\":\"https:\\\/\\\/sallenelles.net\\\/#organization\"},\"potentialAction\":[{\"@type\":\"SearchAction\",\"target\":{\"@type\":\"EntryPoint\",\"urlTemplate\":\"https:\\\/\\\/sallenelles.net\\\/?s={search_term_string}\"},\"query-input\":{\"@type\":\"PropertyValueSpecification\",\"valueRequired\":true,\"valueName\":\"search_term_string\"}}],\"inLanguage\":\"fr-FR\"},{\"@type\":\"Organization\",\"@id\":\"https:\\\/\\\/sallenelles.net\\\/#organization\",\"name\":\"Mairie de Sallenelles\",\"url\":\"https:\\\/\\\/sallenelles.net\\\/\",\"logo\":{\"@type\":\"ImageObject\",\"inLanguage\":\"fr-FR\",\"@id\":\"https:\\\/\\\/sallenelles.net\\\/#\\\/schema\\\/logo\\\/image\\\/\",\"url\":\"https:\\\/\\\/sallenelles.net\\\/wp-content\\\/uploads\\\/2021\\\/04\\\/cropped-blason-sallenelles.jpg\",\"contentUrl\":\"https:\\\/\\\/sallenelles.net\\\/wp-content\\\/uploads\\\/2021\\\/04\\\/cropped-blason-sallenelles.jpg\",\"width\":512,\"height\":512,\"caption\":\"Mairie de Sallenelles\"},\"image\":{\"@id\":\"https:\\\/\\\/sallenelles.net\\\/#\\\/schema\\\/logo\\\/image\\\/\"}}]}<\/script>\n<!-- \/ Yoast SEO plugin. -->","yoast_head_json":{"title":"Tourisme - Mairie de Sallenelles","robots":{"index":"index","follow":"follow","max-snippet":"max-snippet:-1","max-image-preview":"max-image-preview:large","max-video-preview":"max-video-preview:-1"},"canonical":"https:\/\/sallenelles.net\/index.php\/tourisme\/","og_locale":"fr_FR","og_type":"article","og_title":"Tourisme - Mairie de Sallenelles","og_description":"Notre communaut\u00e9 de communes, v\u00e9ritable \"bande verte\" entre Caen et la C\u00f4te Fleurie offre de nombreux atouts, en particulier dans le domaine de la protection de l'environnement. Un r\u00e9seau de randonn\u00e9es de plus de 100 Km de chemins offre aux habitants et touristes, la possibilit\u00e9 de d\u00e9couvrir la faune et la flore d'un territoire s'\u00e9tendant [&hellip;]","og_url":"https:\/\/sallenelles.net\/index.php\/tourisme\/","og_site_name":"Mairie de Sallenelles","article_modified_time":"2020-10-05T20:24:38+00:00","og_image":[{"url":"https:\/\/sallenelles.net\/wp-content\/uploads\/2020\/10\/NCPA-Tourisme-300x65.png","type":"","width":"","height":""}],"twitter_card":"summary_large_image","twitter_misc":{"Dur\u00e9e de lecture estim\u00e9e":"1 minute"},"schema":{"@context":"https:\/\/schema.org","@graph":[{"@type":"WebPage","@id":"https:\/\/sallenelles.net\/index.php\/tourisme\/","url":"https:\/\/sallenelles.net\/index.php\/tourisme\/","name":"Tourisme - Mairie de Sallenelles","isPartOf":{"@id":"https:\/\/sallenelles.net\/#website"},"primaryImageOfPage":{"@id":"https:\/\/sallenelles.net\/index.php\/tourisme\/#primaryimage"},"image":{"@id":"https:\/\/sallenelles.net\/index.php\/tourisme\/#primaryimage"},"thumbnailUrl":"https:\/\/sallenelles.net\/wp-content\/uploads\/2020\/10\/NCPA-Tourisme-300x65.png","datePublished":"2019-07-26T08:07:45+00:00","dateModified":"2020-10-05T20:24:38+00:00","breadcrumb":{"@id":"https:\/\/sallenelles.net\/index.php\/tourisme\/#breadcrumb"},"inLanguage":"fr-FR","potentialAction":[{"@type":"ReadAction","target":["https:\/\/sallenelles.net\/index.php\/tourisme\/"]}]},{"@type":"ImageObject","inLanguage":"fr-FR","@id":"https:\/\/sallenelles.net\/index.php\/tourisme\/#primaryimage","url":"https:\/\/sallenelles.net\/wp-content\/uploads\/2020\/10\/NCPA-Tourisme.png","contentUrl":"https:\/\/sallenelles.net\/wp-content\/uploads\/2020\/10\/NCPA-Tourisme.png","width":586,"height":126},{"@type":"BreadcrumbList","@id":"https:\/\/sallenelles.net\/index.php\/tourisme\/#breadcrumb","itemListElement":[{"@type":"ListItem","position":1,"name":"Accueil","item":"https:\/\/sallenelles.net\/"},{"@type":"ListItem","position":2,"name":"Tourisme"}]},{"@type":"WebSite","@id":"https:\/\/sallenelles.net\/#website","url":"https:\/\/sallenelles.net\/","name":"Mairie de Sallenelles","description":"La Vie de la Commune","publisher":{"@id":"https:\/\/sallenelles.net\/#organization"},"potentialAction":[{"@type":"SearchAction","target":{"@type":"EntryPoint","urlTemplate":"https:\/\/sallenelles.net\/?s={search_term_string}"},"query-input":{"@type":"PropertyValueSpecification","valueRequired":true,"valueName":"search_term_string"}}],"inLanguage":"fr-FR"},{"@type":"Organization","@id":"https:\/\/sallenelles.net\/#organization","name":"Mairie de Sallenelles","url":"https:\/\/sallenelles.net\/","logo":{"@type":"ImageObject","inLanguage":"fr-FR","@id":"https:\/\/sallenelles.net\/#\/schema\/logo\/image\/","url":"https:\/\/sallenelles.net\/wp-content\/uploads\/2021\/04\/cropped-blason-sallenelles.jpg","contentUrl":"https:\/\/sallenelles.net\/wp-content\/uploads\/2021\/04\/cropped-blason-sallenelles.jpg","width":512,"height":512,"caption":"Mairie de Sallenelles"},"image":{"@id":"https:\/\/sallenelles.net\/#\/schema\/logo\/image\/"}}]}},"_links":{"self":[{"href":"https:\/\/sallenelles.net\/index.php\/wp-json\/wp\/v2\/pages\/304","targetHints":{"allow":["GET"]}}],"collection":[{"href":"https:\/\/sallenelles.net\/index.php\/wp-json\/wp\/v2\/pages"}],"about":[{"href":"https:\/\/sallenelles.net\/index.php\/wp-json\/wp\/v2\/types\/page"}],"author":[{"embeddable":true,"href":"https:\/\/sallenelles.net\/index.php\/wp-json\/wp\/v2\/users\/1"}],"replies":[{"embeddable":true,"href":"https:\/\/sallenelles.net\/index.php\/wp-json\/wp\/v2\/comments?post=304"}],"version-history":[{"count":7,"href":"https:\/\/sallenelles.net\/index.php\/wp-json\/wp\/v2\/pages\/304\/revisions"}],"predecessor-version":[{"id":976,"href":"https:\/\/sallenelles.net\/index.php\/wp-json\/wp\/v2\/pages\/304\/revisions\/976"}],"wp:attachment":[{"href":"https:\/\/sallenelles.net\/index.php\/wp-json\/wp\/v2\/media?parent=304"}],"curies":[{"name":"wp","href":"https:\/\/api.w.org\/{rel}","templated":true}]}}